de 1447485?
False
Is 824887 a multiple of 24?
False
Is 12 a factor of 759720?
True
Does 95 divide 645810?
True
Is 10 a factor of 152740?
True
Does 149 divide 259149?
False
Does 592 divide 2822988?
False
Is 117 a factor of 204501?
False
Is 10 a factor of 1095160?
True
Is 247756 a multiple of 4?
True
Is 170535 a multiple of 15?
True
Is 43 a factor of 9571671?
True
Is 5540 a multiple of 10?
True
Is 72872 a multiple of 20?
False
Does 20 divide 219840?
True
Is 1300863 a multiple of 26?
False
Is 19 a factor of 261345?
True
Does 16 divide 1657182?
False
Does 22 divide 4170804?
True
Is 464850 a multiple of 30?
True
Is 37 a factor of 22277?
False
Is 151419 a multiple of 6?
False
Is 9884 a multiple of 7?
True
Is 92053 a multiple of 63?
False
Is 2520773 a multiple of 24?
False
Is 15 a factor of 84328?
False
Is 174 a factor of 38280?
True
Does 556 divide 14842703?
False
Does 17 divide 172975?
True
Is 812 a factor of 16676856?
True
Does 451 divide 624936?
False
Does 57 divide 16913?
False
Is 307 a factor of 233013?
True
Does 15 divide 134843?
False
Is 79 a factor of 4626233?
False
Is 5413503 a multiple of 300?
False
Is 301057 a multiple of 4?
False
Does 72 divide 390115?
False
Is 259 a factor of 1006733?
True
Does 17 divide 117028?
True
Is 24396 a multiple of 263?
False
Does 4 divide 28274?
False
Does 19 divide 7766381?
False
Does 9 divide 1321677?
True
Is 6 a factor of 225912?
True
Is 53 a factor of 36835?
True
Does 97 divide 1112493?
True
Is 65 a factor of 118443?
False
Is 11 a factor of 2854449?
False
Is 74 a factor of 42698?
True
Is 211 a factor of 8140330?
False
Is 258 a factor of 1774745?
False
Is 10661236 a multiple of 92?
True
Does 753 divide 267962?
False
Does 61 divide 6378465?
True
Is 26088892 a multiple of 439?
True
Is 14 a factor of 170464?
True
Is 52864 a multiple of 8?
True
Is 1764361 a multiple of 5?
False
Is 553852 a multiple of 52?
True
Does 132 divide 221892?
True
Does 16 divide 18818?
False
Is 271985 a multiple of 654?
False
Does 53 divide 71293?
False
Does 255 divide 16931?
False
Is 1598405 a multiple of 22?
False
Is 21354 a multiple of 4?
False
Does 705 divide 1214715?
True
Is 10 a factor of 211470?
True
Does 36 divide 210423?
False
Does 25 divide 349150?
True
Does 188 divide 345964?
False
Does 14 divide 841316?
True
Does 16 divide 269584?
True
Does 8 divide 959236?
False
Is 9 a factor of 3170106?
True
Does 16 divide 17920?
True
Does 10 divide 3406020?
True
Is 3172894 a multiple of 12?
False
Is 37 a factor of 72889?
False
Is 318 a factor of 141192?
True
Is 32 a factor of 2640160?
True
Does 14 divide 269205?
False
Does 11 divide 796565?
True
Is 59 a factor of 344?
False
Is 857373 a multiple of 671?
False
Does 256 divide 259584?
True
Is 84060 a multiple of 90?
True
Is 393104 a multiple of 8?
True
Is 2232006 a multiple of 42?
True
Is 31 a factor of 49507?
True
Is 53955 a multiple of 1635?
True
Does 333 divide 764242?
False
Is 93664 a multiple of 4?
True
Is 53883 a multiple of 406?
False
Is 53 a factor of 691299?
False
Is 4563768 a multiple of 22?
True
Is 311281 a multiple of 8?
False
Does 13 divide 432237?
True
Does 360 divide 182349?
False
Is 447 a factor of 2269866?
True
Does 174 divide 1416360?
True
Does 59 divide 114165?
True
Is 1113243 a multiple of 59?
False
Is 3 a factor of 143244?
True
Is 1120084 a multiple of 19?
False
Is 1184306 a multiple of 86?
True
Is 237415 a multiple of 10?
False
Is 4997461 a multiple of 79?
True
Is 2 a factor of 580343?
False
Is 2609759 a multiple of 858?
False
Is 3562010 a multiple of 85?
True
Is 101648 a multiple of 66?
False
Is 9 a factor of 384032?
False
Is 90 a factor of 1071180?
True
Does 783 divide 17644905?
True
Does 4 divide 265427?
False
Is 5833614 a multiple of 215?
False
Is 166231 a multiple of 24?
False
Is 163845 a multiple of 45?
True
Does 35 divide 48055?
True
Is 129279 a multiple of 8?
False
Is 4 a factor of 28860?
True
Does 6 divide 6973544?
False
Is 12 a factor of 9048840?
True
Does 40 divide 510549?
False
Is 127374 a multiple of 26?
True
Does 4 divide 246916?
True
Is 94 a factor of 4123780?
True
Is 227 a factor of 48351?
True
Is 394761 a multiple of 21?
False
Does 382 divide 107342?
True
Does 101 divide 646501?
True
Is 105209 a multiple of 23?
False
Does 1701 divide 4448094?
False
Is 205317 a multiple of 63?
True
Does 8 divide 56416?
True
Is 6773540 a multiple of 10?
True
Is 1505371 a multiple of 7?
True
Is 267 a factor of 1226331?
True
Is 6919 a multiple of 11?
True
Is 124795 a multiple of 84?
False
Does 20 divide 247234?
False
Does 820 divide 6550980?
True
Is 1239810 a multiple of 85?
True
Is 565014 a multiple of 322?
False
Does 42 divide 20861081?
False
Is 9717073 a multiple of 66?
False
Does 745 divide 3839730?
True
Does 110 divide 345180?
True
Does 19 divide 84837?
False
Is 1428402 a multiple of 317?
True
Is 270 a factor of 268380?
True
Is 134 a factor of 300513?
False
Does 5 divide 952042?
False
Is 3 a factor of 139986?
True
Does 40 divide 2573880?
True
Does 16 divide 5238659?
False
Is 1565 a factor of 6762331?
False
Does 149 divide 111750?
True
Is 79 a factor of 146940?
True
Is 103 a factor of 7214429?
True
Does 80 divide 239120?
True
Is 156 a factor of 2639548?
False
Does 61 divide 30866?
True
Does 451 divide 132143?
True
Is 18 a factor of 12404854?
False
Does 11 divide 7295629?
True
Does 188 divide 2151318?
False
Is 448 a factor of 157248?
True
Does 4 divide 847948?
True
Is 3318041 a multiple of 282?
False
Is 57 a factor of 20816327?
False
Does 14 divide 276070?
False
Is 357444 a multiple of 12?
True
Is 1269825 a multiple of 5?
True
Is 5554941 a multiple of 121?
False
Does 550 divide 1641200?
True
Is 45750 a multiple of 6?
True
Is 1988899 a multiple of 11?
True
Is 166212 a multiple of 243?
True
Is 10 a factor of 175210?
True
Is 8712719 a multiple of 1575?
False
Does 469 divide 471814?
True
Is 3588056 a multiple of 4?
True
Is 17 a factor of 15725?
True
Is 270 a factor of 10866960?
True
Is 29551 a multiple of 29?
True
Is 10103 a multiple of 2?
False
Is 4531131 a multiple of 11?
True
Is 124 a factor of 2236408?
False
Does 831 divide 1736790?
True
Is 11 a factor of 39336?
True
Is 431171 a multiple of 97?
False
Is 1293020 a multiple of 101?
False
Is 48620 a multiple of 220?
True
Is 230 a factor of 185764?
False
Is 36 a factor of 180949?
False
Does 103 divide 1245248?
False
Does 76 divide 114760?
True
Is 5397 a multiple of 17?
False
Is 86 a factor of 38418?
False
Is 13 a factor of 32587?
False
Does 8 divide 479958?
False
Does 14 divide 125160?
True
Does 9 divide 102936?
False
Is 602132 a multiple of 4?
True
Does 77 divide 570275?
False
Does 583 divide 974193?
True
Is 1944144 a multiple of 18?
True
Does 31 divide 208983?
False
Is 14 a factor of 273000?
True
Is 565 a factor of 8928130?
True
Does 83 divide 20630147?
False
Is 22 a factor of 295613?
False
Is 543462 a multiple of 98?
False
Is 526740 a multiple of 41?
False
Is 184132 a multiple of 184?
False
Is 194 a factor of 39975?
False
Is 590671 a multiple of 114?
False
Is 778 a factor of 886635?
False
Does 226 divide 25538?
True
Does 18 divide 44245?
False
Is 3 a factor of 1248?
True
Does 357 divide 2442690?
False
Is 5647621 a multiple of 6?
False
Is 2740112 a multiple of 45?
False
Is 5903927 a multiple of 43?
False
Is 3668920 a multiple of 370?
True
Is 5913152 a multiple of 134?
True
Is 96145 a multiple of 35?
True
Is 132526 a multiple of 67?
True
Does 16 divide 4205664?
True
Is 214 a factor of 1382012?
True
Is 75 a factor of 121853?
False
Is 9 a factor of 14787?
True
Does 7 divide 424934?
False
Does 125 divide 69589?
False
Is 36 a factor of 588483?
False
Is 1175553 a multiple of 631?
True
Does 67 divide 377344?
True
Is 3995264 a multiple of 637?
True
Is 1662980 a multiple of 203?
False
Is 6212903 a multiple of 7?
False
Does 66 divide 14087?
False
Is 1200 a factor of 690068?
False
Is 541347 a multiple of 460?
False
Is 9 a factor of 2858364?
True
Is 44 a factor of 4742320?
True
Does 46 divide 187354?
False
Is 584435 a multiple of 38?
False
Is 73 a factor of 6409275?
False
Is 184368 a multiple of 23?
True
Is 305 a factor of 348005?
True
Is 551504 a multiple of 196?
False
Is 414 a factor of 1048078?
False
Is 678492 a multiple of 423?
True
Is 54157 a multiple of 51?
False
Does 309 divide 733875?
True
Does 18 divide 1401102?
True
Is 1